00 and 48850.
50
Calculate the highest common divisor of 45 and 608310.
45
What is the highest common divisor of 342 and 1950?
6
Calculate the greatest common divisor of 522499 and 141.
47
Calculate the highest common factor of 14329 and 801.
89
Calculate the greatest common divisor of 55863 and 54.
27
Calculate the highest common divisor of 19221 and 903.
129
Calculate the greatest common divisor of 35 and 10297.
7
Calculate the highest common factor of 64800 and 4500.
900
What is the highest common factor of 697813 and 4332?
361
What is the highest common factor of 15922 and 1330?
38
Calculate the highest common divisor of 1551262 and 888.
74
What is the highest common divisor of 816 and 201246?
102
What is the highest common divisor of 234 and 1940445?
117
What is the highest common factor of 315 and 19236?
21
What is the greatest common factor of 25156 and 114?
38
What is the highest common factor of 762 and 1239774?
762
What is the greatest common factor of 735 and 76125?
105
What is the highest common factor of 555016 and 136?
136
What is the highest common divisor of 1398762 and 36?
18
Calculate the greatest common factor of 44925 and 1125.
75
Calculate the highest common factor of 27324 and 372.
12
What is the greatest common divisor of 102 and 410924?
34
What is the highest common divisor of 76784 and 2?
2
Calculate the highest common divisor of 7882 and 175.
7
What is the highest common divisor of 450 and 219798?
18
Calculate the highest common factor of 75 and 1068825.
75
Calculate the highest common factor of 262291 and 124.
31
Calculate the highest common divisor of 3624259 and 953.
953
What is the greatest common divisor of 4320 and 34128?
432
Calculate the highest common factor of 285 and 196365.
285
Calculate the greatest common divisor of 112051 and 2581.
89
Calculate the greatest common divisor of 26682 and 15.
3
What is the greatest common divisor of 497 and 852?
71
Calculate the highest common factor of 11 and 3995321.
11
Calculate the highest common factor of 4500 and 2196.
36
What is the highest common divisor of 440 and 1341065?
55
What is the greatest common factor of 4238 and 286?
26
What is the greatest common factor of 23207 and 158413?
1009
Calculate the greatest common factor of 19548 and 1836.
108
Calculate the highest common factor of 117245 and 655.
655
Calculate the highest common divisor of 927264 and 78.
78
Calculate the highest common factor of 124 and 2759.
31
Calculate the greatest common divisor of 4 and 12323.
1
What is the greatest common factor of 39114 and 2706?
246
Calculate the greatest common factor of 45 and 605151.
9
Calculate the highest common factor of 11616 and 444.
12
Calculate the greatest common divisor of 730320 and 480.
240
Calculate the highest common divisor of 24 and 49326.
6
What is the highest common factor of 4448495 and 5?
5
What is the highest common divisor of 152 and 51148?
76
Calculate the greatest common factor of 5553 and 63.
9
Calculate the highest common factor of 2 and 5498.
2
Calculate the highest common divisor of 586945 and 15.
5
What is the highest common divisor of 17296 and 440?
8
What is the greatest common factor of 88 and 185240?
88
What is the greatest common divisor of 42 and 14466?
6
Calculate the greatest common divisor of 1695 and 107350.
565
What is the highest common factor of 139 and 147062?
139
What is the highest common factor of 50 and 13990?
10
What is the greatest common divisor of 143164 and 28?
28
Calculate the highest common factor of 99260 and 350.
70
Calculate the highest common factor of 71 and 18176.
71
Calculate the highest common factor of 33184 and 488.
488
What is the greatest common divisor of 6 and 172154?
2
What is the highest common divisor of 64 and 2851616?
32
Calculate the highest common divisor of 1786 and 13348.
94
What is the highest common divisor of 162 and 2826?
18
What is the highest common divisor of 11039 and 35?
7
What is the greatest common divisor of 2780486 and 901?
901
Calculate the greatest common factor of 3909009 and 39.
39
Calculate the greatest common divisor of 230 and 26036.
46
Calculate the greatest common divisor of 104 and 68146.
26
What is the greatest common divisor of 2662 and 200?
2
What is the greatest common factor of 7264 and 3859?
227
Calculate the highest common factor of 220 and 3707770.
110
Calculate the highest common factor of 451462 and 44.
22
Calculate the highest common divisor of 7373 and 2323.
101
Calculate the highest common factor of 664468 and 2660.
532
What is the greatest common divisor of 233 and 15611?
233
What is the greatest common factor of 31067 and 893?
47
Calculate the greatest common factor of 32110 and 390.
130
What is the greatest common divisor of 90740 and 8060?
260
Calculate the greatest common factor of 216822 and 18.
6
Calculate the highest common factor of 2259 and 2097.
9
Calculate the highest common factor of 3122 and 46802.
14
What is the greatest common divisor of 1340 and 236108?
268
Calculate the highest common divisor of 732 and 55876.
244
What is the highest common divisor of 132350 and 35?
5
What is the highest common divisor of 507507 and 234?
39
Calculate the highest common factor of 193759 and 71.
71
Calculate the greatest common factor of 2520 and 8505.
315
What is the highest common factor of 425184 and 4902?
258
Calculate the greatest common divisor of 49392 and 6000.
48
What is the highest common factor of 152638 and 15538?
914
What is the greatest common factor of 950 and 770925?
475
What is the highest common divisor of 70304 and 352?
32
Calculate the highest common factor of 1190 and 10360.
70
Calculate the highest common factor of 584976 and 48.
48
What is the greatest common divisor of 471 and 786099?
471
What is the greatest common factor of 5371 and 2173?
41
What is the highest common divisor of 90530 and 1045?
55
Calculate the greatest common factor of 442913 and 531.
59
What is the greatest common divisor of 606 and 1023938?
202
What is the highest common divisor of 675 and 889200?
225
Calculate the highest common divisor of 3125336 and 24.
8
What is the highest common divisor of 299 and 320229?
299
What is the highest common divisor of 7008 and 87960?
24
What is the greatest common divisor of 390 and 10275?
15
Calculate the greatest common factor of 160745 and 65.
65
Calculate the highest common divisor of 52 and 9932.
52
What is the greatest common factor of 944 and 71036?
236
Calculate the greatest common factor of 216 and 848340.
108
Calculate the highest common factor of 4180 and 494.
38
What is the greatest common divisor of 3710 and 16340?
10
Calculate the greatest common factor of 2094506 and 382.
382
Calculate the greatest common divisor of 42126 and 51.
51
What is the highest common factor of 13136839 and 31?
31
What is the highest common factor of 144 and 1034736?
48
What is the greatest common factor of 77790 and 110?
10
Calculate the greatest common divisor of 7104 and 10434.
222
Calculate the highest common factor of 1976 and 18616.
104
What is the highest common factor of 93 and 300452?
31
Calculate the highest common divisor of 7 and 51583.
7
Calculate the greatest common divisor of 80 and 3620.
20
Calculate the highest common divisor of 258570 and 510.
510
What is the greatest common divisor of 4 and 40772?
4
What is the greatest common divisor of 11 and 132913?
11
What is the greatest common factor of 218914 and 1242?
46
Calculate the greatest common factor of 27 and 375.
3
Calculate the highest common divisor of 56329 and 21.
7
What is the greatest common divisor of 144 and 690696?
72
What is the highest common divisor of 178 and 331080?
178
What is the greatest common factor of 92462 and 177126?
1114
What is the greatest common divisor of 3216 and 5628?
804
What is the highest common divisor of 10035 and 4460?
1115
What is the greatest common factor of 780 and 83928?
156
Calculate the greatest common factor of 504 and 8748.
36
Calculate the highest common divisor of 82 and 4961.
41
Calculate the highest common factor of 7 and 91357.
7
What is the greatest common factor of 7320 and 3624?
24
Calculate the highest common factor of 616 and 11209.
11
What is the highest common factor of 1950604 and 4?
4
What is the highest co